= 3*t - 2*q + 4. Calculate the remainder when o(t) is divided by 12.
8
Calculate the remainder when (-152)/(-2)*(-1290)/(-172) is divided by 22.
20
Let z(k) = -60*k**3 + 3*k**2 + 11*k + 4. Let c be 17/102 + 52/(-24). What is the remainder when z(c) is divided by 96?
90
Let u = 198 + 1507. Suppose -2*q + 1635 = 3*x, 3*q - x = 775 + u. Calculate the remainder when q is divided by 69.
66
Let b = 24134 + -24038. Calculate the remainder when 13531 is divided by b.
91
Let h(o) = -34*o + 31 + 72*o - 40*o. Let w(r) = 30*r**2 - 2*r + 1. Calculate the remainder when w(1) is divided by h(7).
12
Suppose -169*m + 173*m + 4*z - 8 = 0, 0 = -3*m - 2*z + 6. Calculate the remainder when 73 is divided by m.
1
Let d = -1225 + 1240. What is the remainder when 104 is divided by d?
14
Suppose 3*c - 1863 = -u, -3*c - 23 + 32 = 0. Calculate the remainder when u is divided by 64.
62
Suppose 372 = -26*t + 112. Calculate the remainder when 2/t + 741/5 is divided by 30.
28
Suppose 0 = -18*n + 21*n - 9. Suppose -5*j + 125 = -3*h, j - h = -n*j + 107. Let c = 466 - 458. What is the remainder when j is divided by c?
4
Let l(g) = 47*g - 20. Let v(m) = m + 2. Let s(q) = -l(q) + 5*v(q). Calculate the remainder when s(-2) is divided by 39.
36
Let m(o) = o**2 - 10*o + 2. Let s be m(-8). Let u = s + -117. Suppose -22*d - 49 = -u*d. What is the remainder when 18 is divided by d?
4
Suppose 0*y - 3*v = 3*y + 198, -5*y - 3*v = 340. Let k = -31 - y. Suppose 0 = u - 18 - k. What is the remainder when u is divided by 20?
18
Let o(i) = -2*i - 15. Let k(a) = -122 - 5*a - 2*a + 18*a - 3*a. What is the remainder when k(23) is divided by o(-13)?
7
Suppose 3*r - 523 = 998. Let a = -333 + r. What is the remainder when a is divided by 44?
42
Suppose 14*j - 137 - 143 = 0. Let t(g) = -g**2 + 2*g + 32. What is the remainder when t(0) is divided by j?
12
Calculate the remainder when (-24108)/(-7) - -8 - -9 is divided by 102.
95
Suppose -29 = 8*q - 157. Let k(g) = -g**3 - g + 20. Let r be k(0). What is the remainder when -5*116/r*-1 is divided by q?
13
Let m = 1353 + -1326. What is the remainder when m is divided by 7?
6
Let x be (0 + 9)*(20/(-12) - 0). Let z = x + 40. Suppose -65 + z = -5*h. Calculate the remainder when h is divided by 2.
0
Suppose 5*h - 3*w - 5420 = 0, -52*h - 2179 = -54*h - w. What is the remainder when h is divided by 50?
37
Suppose 0 = -3*w - 2*d - 302, 37 = -3*w - d - 270. Let j = w - -118. What is the remainder when 37 is divided by j?
9
Suppose 3*m + 10*m - 312 = 0. Calculate the remainder when m/(-12)*70/(-5) is divided by 22.
6
Let v be 4/(-64)*2 + 3/24. Suppose -l = 4*l - v*l. Suppose 4*a - 4*m - 108 = l, -3*a - 2*a - 2*m = -114. What is the remainder when a is divided by 14?
10
Let z(a) = -a**2 + 57*a - 76. Calculate the remainder when z(55) is divided by (-3)/9 + 13/3.
2
Let g(q) = -q + 8. Let j be g(-4). Suppose -j = 3*w - 90. Calculate the remainder when 283 is divided by w.
23
Let s be (11/(-3) - 2/(-3)) + 5. Let q be s/14 - (-1362)/21. Calculate the remainder when (-5)/(-2)*1326/q is divided by 18.
15
Suppose -10*p = -7*p - 90. Suppose -6*t - 4*t = p. What is the remainder when 84 - ((-12)/t + -2) is divided by 28?
26
Suppose -3*z + 1885 = -n, 631 = z - n + 2*n. Let c = z - 604. What is the remainder when c is divided by 12?
1
Suppose -5*n - 25 = 0, n + 2926 = 3*b + 5*n. Calculate the remainder when (3/(-5))/(7 - b/140) is divided by 29.
13
Let r(k) = 6*k**3 + k**2 - 10*k - 17. Calculate the remainder when r(6) is divided by 116.
95
Let w(g) = 10 - 36 + 3*g - 2*g + g. Let h be w(14). Suppose h*u + o = 3*o + 70, 3*u = -2*o + 105. Calculate the remainder when u is divided by 18.
17
Let a(s) = s**3 + 78*s + 6*s**2 - 81*s + 2 + 6. Suppose -4*u - 16 = 4*m, -4*m + 3*m + 8 = -u. What is the remainder when 180 is divided by a(u)?
24
Suppose d - 207 = 8. Let r(l) = l**2 + 14*l - 50. Let s be r(-19). Suppose -s*z + 513 = -26*z. What is the remainder when d is divided by z?
26
Let m = 410 - 55. Calculate the remainder when m is divided by -49 + 73 + (-3 - 0).
19
Calculate the remainder when (135/(-120))/((-11)/80344) is divided by 14.
13
Calculate the remainder when (32 + 13)*4/(-6)*502/(-5) is divided by 8.
4
Let a = -1488 - -1534. What is the remainder when 343 is divided by a?
21
Let p(d) = -d**3 - 5*d**2 + 5*d - 3. Let j = -12 + 6. Suppose 2*i = 4*z - 94, 0*z = 10*z + 2*i - 228. Calculate the remainder when z is divided by p(j).
2
Suppose 0 = 29*x + 7*x - 17712. Suppose 28*y - x = 1300. Suppose -5*b + 5*g + 90 = -15, 0 = -4*g + 4. Calculate the remainder when y is divided by b.
20
Let u(r) = -174*r + 7990. What is the remainder when u(41) is divided by 172?
168
Suppose -11*m - 176 + 286 = 0. What is the remainder when 417 is divided by m?
7
Let z = -29 + 32. Suppose 2 = 3*k - 4*n, z*n - n + 8 = 5*k. Calculate the remainder when 31 is divided by k.
1
Let t be 144/14 + -1 + 8/(-28). Let c be 58/6 - 6/t - 3. Suppose c*l = l + 355. Calculate the remainder when l is divided by 19.
14
Let g(c) = 3*c**3 + 5*c**2 + 6*c - 6. Let b be g(-3). What is the remainder when ((-3)/((-30)/(-322)))/(12/b) is divided by 45?
26
Suppose -2*i + 24 = -4*n, 4*i + 4*n = n + 4. Let b = i + 60. Suppose 2*m = -2*f - 2*f + b, -151 = -5*m - f. Calculate the remainder when 117 is divided by m.
27
Suppose 158*a = 135*a - 6095. Let d = -59 - a. Calculate the remainder when d is divided by 7.
3
Let z = 14030 + -10001. Calculate the remainder when z is divided by 126.
123
Let g(d) = -942*d - 2266. What is the remainder when g(-6) is divided by 28?
26
Suppose 14*v = 17*v + 5*z - 258, 7*z = -4*v + 346. What is the remainder when 1578 is divided by v?
58
Let d(j) = 16*j**2 - 7*j + 32. Let h be d(3). Suppose 5*b + 6 + 9 = 0, -4*f = -5*b - h. Calculate the remainder when f is divided by 2/6 - (-58)/6.
5
Let s be 9 + 3513 - 3*(-2)/6. Suppose 18*h = -301 + s. Calculate the remainder when h is divided by 3.
2
Let d = -14 - -30. Calculate the remainder when (868/(-3))/7*6/(-4) is divided by d.
14
Let t(z) = 68*z + 501. What is the remainder when 136 is divided by t(-7)?
11
Let z = -42 + 58. Suppose z*q = q + 135. Calculate the remainder when 44 is divided by q.
8
Suppose 2*r - 40 = 3*a, -19 = -5*r + 6. What is the remainder when a/(-7 - (-173)/25) is divided by 18?
17
Suppose 0 = 37*y + 564 - 4530 - 3804. What is the remainder when y is divided by 17?
6
Let a(o) = o - 19. Let m be a(17). Let q be 8 + -6 + (-2 - 100/m). Let y = q - 18. Calculate the remainder when y is divided by 13.
6
Suppose 229*p = 231*p - 352. Suppose -39 = -p*j + 173*j. Calculate the remainder when 51 is divided by j.
12
Let a(f) = 4*f**2 - 3*f - 2. Let t be a(3). Suppose -36*h = -31*h + t. Let b = h - -34. What is the remainder when b is divided by 17?
12
Suppose -5*t = -4*z - 755, 111*t = 85*t + z + 3926. Calculate the remainder when t is divided by 72/5 + 4/(-10).
11
What is the remainder when (-11)/(-99) + 1 + 162861/27 is divided by 1508?
1
Let f = -2918 - -2996. What is the remainder when f is divided by 23?
9
Suppose -s + 15 + 69 = -2*z, 8*s = -2*z + 564. What is the remainder when 744 is divided by s?
24
Let d = 2972 - 2968. What is the remainder when (-10)/(((-6)/(-5))/(-6)) is divided by d?
2
Let j = 109 + -95. Calculate the remainder when 208 is divided by 7 - (j/2 + -72).
64
Let c = 15 - -4. Suppose z = c - 3. Suppose -z = -7*s + 313. Calculate the remainder when s is divided by 12.
11
Let c = -1632 - -865. Let g = -500 - c. What is the remainder when g is divided by 69?
60
Let t(h) = -84*h - 1799. Calculate the remainder when t(-32) is divided by 872.
17
Suppose -55*i - 15*i = -6438 - 8332. Calculate the remainder when 1878 is divided by i.
190
Let q(m) = -13*m - 22. Let n(y) = y**2 + 19*y - 35. What is the remainder when n(5) is divided by q(-4)?
25
Suppose 2*i - 3*m - 1194 = 0, -3*m + 7*m = 2*i - 1190. Calculate the remainder when -4*(i/(-12) - (-2 + 5)) is divided by 56.
45
Suppose 3*n + 1995 = -2*n. Let q = -232 - n. Suppose 2*m - l - 140 = 0, 3*m + l - q = 33. Calculate the remainder when m is divided by 18.
14
Let i(u) = -310*u**3 + 10*u**2 + 9*u. Calculate the remainder when i(-1) is divided by 13.
12
Suppose 30*j - 28 - 883 = 139. What is the remainder when 1909 is divided by j?
19
Suppose 4*n = 0, v - 2*n + 1 - 4 = 0. Sup